{"id":339,"date":"2018-11-26T12:45:27","date_gmt":"2018-11-26T12:45:27","guid":{"rendered":"http:\/\/www.z3n.cz\/index.php\/home\/"},"modified":"2025-07-30T09:00:37","modified_gmt":"2025-07-30T09:00:37","slug":"home","status":"publish","type":"page","link":"https:\/\/www.z3n.cz\/","title":{"rendered":"Home"},"content":{"rendered":"\n\n\t\t\t<h5>\n\t\t\t\t\tBudoucnost pat\u0159\u00ed stavb\u00e1m, kter\u00e9 jsou\n\t\t\t\t<\/h5>\n\t\t\t<h1>\n\t\t\t\t\tVe spojen\u00ed s p\u0159\u00edrodou\n\t\t\t\t<\/h1>\n\t\t\t<a href=\"https:\/\/www.z3n.cz\/index.php\/projects\/\" target=\"_self\"  role=\"button\">\n\t\t\t\t\t\tChci v\u011bd\u011bt v\u00edc\n\t\t<\/a>\n\t\t\t<h5>\n\t\t\t\t\tO n\u00e1s\n\t\t\t\t<\/h5>\n\t\t\t<h2>\n\t\t\t\t\tP\u016fsob\u00edme ji\u017e 20 let v oboru\n\t\t\t\t<\/h2>\n\t<strong data-start=\"200\" data-end=\"303\">Jsme developersk\u00e1 spole\u010dnost zam\u011b\u0159en\u00e1 na v\u00fdstavbu specifick\u00fdch nemovitost\u00ed po cel\u00e9 \u010cesk\u00e9 republice.<\/strong><br data-start=\"303\" data-end=\"306\" \/>Na\u0161\u00edm posl\u00e1n\u00edm je navrhovat a realizovat stavby, kter\u00e9 jsou \u0161etrn\u00e9 k \u017eivotn\u00edmu prost\u0159ed\u00ed a harmonicky zapadaj\u00ed do p\u0159\u00edrodn\u00edho a krajinn\u00e9ho r\u00e1zu konkr\u00e9tn\u00ed lokality.\nV\u011b\u0159\u00edme, \u017ee sou\u010dasn\u00fd sv\u011bt pot\u0159ebuje zm\u011bnu &#8211; a neboj\u00edme se j\u00edt proti proudu. P\u0159esto\u017ee se n\u011bkdy setk\u00e1v\u00e1me s nepochopen\u00edm na\u0161\u00ed filozofie, dr\u017e\u00edme se sv\u00fdch hodnot a sm\u011b\u0159ujeme ke stavb\u00e1m, kter\u00e9 budou d\u00e1vat smysl i v dlouhodob\u00e9m horizontu.\nNa\u0161e projekty jsou nad\u010dasov\u00e9. Jsme p\u0159esv\u011bd\u010deni, \u017ee jejich skute\u010dn\u00e1 hodnota bude pln\u011b docen\u011bna v budoucnosti &#8211; a\u017e na ni bude spole\u010dnost p\u0159ipraven\u00e1.\n\t\t\t<a href=\"https:\/\/www.z3n.cz\/index.php\/about\/\" target=\"_self\"  role=\"button\">\n\t\t\t\t\t\tChci v\u011bd\u011bt v\u00edc\n\t\t<\/a>\n\t\t\t<h5>\n\t\t\t\t\tNa\u0161e specializace\n\t\t\t\t<\/h5>\n\t\t\t<h3>\n\t\t\t\t\tPom\u00e1h\u00e1me prom\u011bnit vizi v realitu.\n\t\t\t\t<\/h3>\n\t\t\t<h4>\n\t\t\t\t\tVyhled\u00e1v\u00e1n\u00ed vhodn\u00fdch pozemk\u016f\n\t\t\t\t<\/h4>\n\t\t\tKa\u017ed\u00fd projekt za\u010d\u00edn\u00e1 lokalitou. Vyhled\u00e1v\u00e1me v\u00fdjime\u010dn\u00e9 pozemky s potenci\u00e1lem, kter\u00e9 spl\u0148uj\u00ed nejen po\u017eadavky \u00fazemn\u00edho pl\u00e1nu, ale i na\u0161e vlastn\u00ed krit\u00e9ria &#8211; soukrom\u00ed, atraktivn\u00ed okol\u00ed, p\u0159\u00edstupnost a p\u0159irozen\u00e9 za\u010dlen\u011bn\u00ed do krajiny.\n\t\t\t<h4>\n\t\t\t\t\tArchitektonick\u00e1 studie\n\t\t\t\t<\/h4>\n\t\t\t<p>Tvo\u0159\u00edme citliv\u00e9 a z\u00e1rove\u0148 funk\u010dn\u00ed n\u00e1vrhy, kter\u00e9 vych\u00e1zej\u00ed z konkr\u00e9tn\u00edho m\u00edsta a jeho mo\u017enost\u00ed. Studie slou\u017e\u00ed k vizualizaci budouc\u00ed stavby a k posouzen\u00ed vhodnosti z\u00e1m\u011bru. Je ur\u010dena jak pro soukrom\u00e9 investory, tak pro ve\u0159ejn\u00e9 \u010di komunitn\u00ed projekty.<\/p>\n\t\t\t<h4>\n\t\t\t\t\tProjektov\u00e1 dokumentace\n\t\t\t\t<\/h4>\n\t\t\t<p>Zaji\u0161\u0165ujeme kompletn\u00ed projektovou dokumentaci pot\u0159ebnou pro stavebn\u00ed \u0159\u00edzen\u00ed i samotnou realizaci stavby. Koordinujeme spolupr\u00e1ci v\u0161ech profes\u00ed a db\u00e1me na to, aby projekt odpov\u00eddal norm\u00e1m, po\u017eadavk\u016fm \u00fa\u0159ad\u016f a z\u00e1rove\u0148 vizu\u00e1ln\u00edm i funk\u010dn\u00edm o\u010dek\u00e1v\u00e1n\u00edm klienta.<\/p>\n\t\t\t<h4>\n\t\t\t\t\tPovolen\u00ed\n\t\t\t\t<\/h4>\n\t\t\t<p>Zastupujeme klienta v cel\u00e9m procesu povolov\u00e1n\u00ed stavby &#8211; od komunikace s \u00fa\u0159ady a dot\u010den\u00fdmi org\u00e1ny a\u017e po z\u00edsk\u00e1n\u00ed stavebn\u00edho povolen\u00ed. D\u00edky na\u0161im zku\u0161enostem um\u00edme p\u0159edch\u00e1zet zbyte\u010dn\u00fdm zdr\u017eov\u00e1n\u00edm a komplikac\u00edm.<\/p>\n\t\t\t<h4>\n\t\t\t\t\tRealizace\n\t\t\t\t<\/h4>\n\t\t\t<p>Dohl\u00ed\u017e\u00edme na hladk\u00fd pr\u016fb\u011bh realizace, a\u0165 u\u017e formou gener\u00e1ln\u00ed dod\u00e1vky nebo v r\u00e1mci \u0159\u00edzen\u00ed subdodavatel\u016f. Spolupracujeme pouze s prov\u011b\u0159en\u00fdmi partnery a trv\u00e1me na vysok\u00e9m standardu proveden\u00ed ka\u017ed\u00e9ho detailu.<\/p>\n\t\t\t<h4>\n\t\t\t\t\tP\u0159ed\u00e1n\u00ed a servis\n\t\t\t\t<\/h4>\n\t\t\t<p>Po dokon\u010den\u00ed projektu zaji\u0161\u0165ujeme p\u0159ed\u00e1n\u00ed klientovi, v\u010detn\u011b kolaudace a dokumentace. Nab\u00edz\u00edme i n\u00e1sledn\u00fd servis, spr\u00e1vu nemovitosti nebo marketing a prodej hotov\u00e9ho d\u00edla &#8211; podle p\u0159\u00e1n\u00ed klienta.<\/p>\n\t\t\t<h2>\n\t\t\t\t\tKa\u017ed\u00e1 f\u00e1ze realizace projektu je nesm\u00edrn\u011b d\u016fle\u017eit\u00e1 a odr\u00e1\u017e\u00ed na\u0161e hodnoty &#8211; respekt k m\u00edstu, d\u016fraz na kvalitu a odpov\u011bdn\u00fd p\u0159\u00edstup k prost\u0159ed\u00ed i lidem. Jen d\u00edky t\u00e9to filozofii vznikaj\u00ed stavby, na kter\u00e9 m\u016f\u017eeme b\u00fdt hrd\u00ed.\n\t\t\t\t<\/h2>\n\t\t\t<a href=\"https:\/\/www.z3n.cz\/index.php\/about\/\" target=\"_self\"  role=\"button\">\n\t\t\t\t\t\tchci v\u011bd\u011bt v\u00edc\n\t\t<\/a>\n\t\t\t<h5>\n\t\t\t\t\tP\u0159ipravovan\u00e9 projekty\n\t\t\t\t<\/h5>\n\t\t\t<h2>\n\t\t\t\t\tUk\u00e1zka na\u0161ich p\u0159edstav, kter\u00e9 p\u0159en\u00e1\u0161\u00edme do reality\n\t\t\t\t<\/h2>\n\t\t\t<h4>\n\t\t\t\t\tVini\u010dn\u00ed d\u016fm &#8211; Praha\n\t\t\t\t<\/h4>\n<p>Jedinec\u030cnost mi\u0301sta je podpor\u030cena navrz\u030cenou skulpturou domu. Cely\u0301 objekt je r\u030ces\u030cen jednoduchou eliptickou hmotou zasazenou do tere\u0301nu tak, aby vytva\u0301r\u030cela soukromi\u0301, podpor\u030cila vy\u0301hledy a hlavne\u030c harmonicky splynula s klidny\u0301m charakterem vinice. Vs\u030ce rotuje kolem vnitr\u030cni\u0301 soukrome\u0301 zahrady, kam postupne\u030c klesa\u0301 mi\u0301rne\u030c sklonita\u0301 vegetac\u030cni\u0301 str\u030cecha. Trychty\u0301r\u030covity\u0301 tvar str\u030cechy podporuje dynamiku stavby, ktera\u0301 jde vstr\u030ci\u0301c vy\u0301hledu\u030am a za\u0301roven\u030c napoma\u0301ha\u0301 celkove\u0301 vzdus\u030cnosti. Di\u0301ky velkorysy\u0301m proskleny\u0301m plocha\u0301m je du\u030am zcela propojen jak s okolni\u0301 vinici\u0301, tak s vnitr\u030cni\u0301 zahradou. Za\u0301roven\u030c napoma\u0301ha\u0301 dojmu levituji\u0301ci\u0301ho disku str\u030cechy. Obdobne\u030c i soklova\u0301 c\u030ca\u0301st domu je r\u030ces\u030cena diskem c\u030ca\u0301stec\u030cne\u030c vykonzolovany\u0301m nad tere\u0301nem, c\u030ca\u0301stec\u030cne\u030c zapus\u030cte\u030cny\u0301m do tere\u0301nni\u0301 konfigurace vinice. Styk s tere\u0301nem je pak podpor\u030cen kamennou zdi\u0301, jez\u030c celkove\u030c du\u030am uzemn\u030cuje.<\/p>\n\t\t\t\t<img decoding=\"async\" src=\"http:\/\/www.z3n.cz\/wp-content\/uploads\/2021\/02\/v4.jpg\" alt=\"v4\" itemprop=\"image\" title=\"v4\" onerror=\"this.style.display='none'\" loading='lazy' \/>\n\t\t\t\t<img decoding=\"async\" src=\"http:\/\/www.z3n.cz\/wp-content\/uploads\/2021\/02\/v2.jpg\" alt=\"v2\" itemprop=\"image\" title=\"v2\" onerror=\"this.style.display='none'\" loading='lazy' \/>\n\t\t\t\t<img decoding=\"async\" src=\"http:\/\/www.z3n.cz\/wp-content\/uploads\/2021\/02\/v3.jpg\" alt=\"v3\" itemprop=\"image\" title=\"v3\" onerror=\"this.style.display='none'\" loading='lazy' \/>\n\t\t\t<h4>\n\t\t\t\t\tApartm\u00e1nov\u00fd d\u016fm &#8211; \u0160umava\n\t\t\t\t<\/h4>\n<p>Ci\u0301lem studie byla maxima\u0301lni\u0301 pr\u030cirozenost navrhovane\u0301ho domu, ktery\u0301 na sebe nestrha\u0301va\u0301 pozornost, ale souzni\u0301 s hodnotny\u0301m okoli\u0301m stavby ve strategicke\u0301 poloze pobli\u0301z\u030c centra obce.<br \/>Na\u0301vrh vyuz\u030ci\u0301va\u0301 archetypa\u0301lni\u0301 tvar domu pode\u0301lne\u0301ho pu\u030adorysu zastr\u030ces\u030cene\u0301ho sedlovou str\u030cechou a pracuje s modernizaci\u0301 vzhledu v jeho detailech. S\u030cti\u0301tove\u0301 ste\u030cny jsou vu\u030ac\u030ci podzemni\u0301mu podlaz\u030ci\u0301 pr\u030cedsazene\u0301, c\u030ci\u0301mz\u030c se celkovy\u0301 vy\u0301raz odlehc\u030cuje. Z pode\u0301lny\u0301ch stran je pak hmota narus\u030cena nikami, do ktery\u0301ch zabi\u0301ha\u0301 dr\u030ceve\u030cny\u0301 obklad. Jednoduche\u0301 linie nik ve hmote\u030c jsou zme\u030ckc\u030ceny kr\u030civkou jake\u0301si na\u0301levky, ktera\u0301 z jihu pr\u030cirozene\u030c zdu\u030arazn\u030cuje pozici hlavni\u0301ho vstupu a za\u0301roven\u030c umoz\u030cn\u030cuje zve\u030cts\u030ceni\u0301 pr\u030cesahu\u030a k doci\u0301leni\u0301 velkoryse\u0301ho za\u0301ve\u030ctr\u030ci\u0301. Ze severni\u0301 strany slouz\u030ci\u0301 zaobleni\u0301 pro odkryti\u0301 vy\u0301hledu\u030a z lodz\u030cie sme\u030crem k dominante\u030c kostela.<\/p>\n<p>Celkem tr\u030ci\u0301podlaz\u030cni\u0301 apartma\u0301novy\u0301 du\u030am, byl zasazen do tere\u0301nni\u0301ho pr\u030cevy\u0301s\u030ceni\u0301 pozemku tak, aby sme\u030crem do ulice objekt pu\u030asobil jako pr\u030ci\u0301zemni\u0301 s podkrovi\u0301m, pr\u030cic\u030cemz\u030c podlaz\u030ci\u0301 umi\u0301ste\u030cne\u0301 ni\u0301z\u030ce, navazuje na vy\u0301s\u030ckovou u\u0301roven\u030c zahrady, ktera\u0301 se volne\u030c me\u030cni\u0301 v polover\u030cejny\u0301 prostor. Na ver\u030cejne\u030c pr\u030ci\u0301stupne\u0301 c\u030ca\u0301sti pozemku bylo umi\u0301ste\u030cno de\u030ctske\u0301 hr\u030cis\u030cte\u030c.<\/p>\n\t\t\t\t<img decoding=\"async\" src=\"http:\/\/www.z3n.cz\/wp-content\/uploads\/2024\/01\/Snimek-obrazovky-2023-12-15-v-13.53.32.png\" alt=\"Sni\u0301mek obrazovky 2023-12-15 v\u00a013.53.32\" itemprop=\"image\" title=\"Sni\u0301mek obrazovky 2023-12-15 v\u00a013.53.32\" onerror=\"this.style.display='none'\" loading='lazy' \/>\n\t\t\t\t<img decoding=\"async\" src=\"http:\/\/www.z3n.cz\/wp-content\/uploads\/2024\/01\/Snimek-obrazovky-2023-12-15-v-13.51.19.png\" alt=\"Sni\u0301mek obrazovky 2023-12-15 v\u00a013.51.19\" itemprop=\"image\" title=\"Sni\u0301mek obrazovky 2023-12-15 v\u00a013.51.19\" onerror=\"this.style.display='none'\" loading='lazy' \/>\n\t<p>V sou\u010dasn\u00e9 dob\u011b pokra\u010dujeme v p\u0159\u00edprav\u00e1ch a jedn\u00e1n\u00edch s \u00fa\u0159ady. Pro v\u00edce informac\u00ed n\u00e1s nev\u00e1hejte kontaktovat.<\/p>\n<p>&nbsp;<\/p>\n<p><strong>Martin Jarol\u00edmek <\/strong>\/ Managing Director<\/p>\n<p>Z3N Development s.r.o.<\/p>\n<p><a href=\"mailto:martin.jarolimek@z3n.cz\">martin.jarolimek@z3n.cz<\/a> \/ +420\u00a0725\u00a0929 069<\/p>\n<p>&nbsp;<\/p>\n\t\t\t<h3>\n\t\t\t\t\tPot\u0159ebujete s n\u011b\u010d\u00edm poradit ?\n\t\t\t\t<\/h3>\n\t\t\t<a href=\"https:\/\/www.z3n.cz\/index.php\/contact\/\" target=\"_self\"  role=\"button\">\n\t\t\t\t\t\tKontaktujte n\u00e1s\n\t\t<\/a>\n\t\t\t<a href=\"https:\/\/www.facebook.com\/Z3N-Development-922191097909641\" target=\"_self\">\n\t\t\t\t\t\t\t<\/a>\n\n","protected":false},"excerpt":{"rendered":"<p>Budoucnost pat\u0159\u00ed stavb\u00e1m, kter\u00e9 jsou Ve spojen\u00ed s p\u0159\u00edrodou Chci v\u011bd\u011bt v\u00edc O n\u00e1s P\u016fsob\u00edme ji\u017e 20 let v oboru Jsme developersk\u00e1 spole\u010dnost zam\u011b\u0159en\u00e1 na v\u00fdstavbu specifick\u00fdch nemovitost\u00ed po cel\u00e9 \u010cesk\u00e9 republice.Na\u0161\u00edm posl\u00e1n\u00edm je navrhovat a realizovat stavby, kter\u00e9 jsou \u0161etrn\u00e9 k \u017eivotn\u00edmu prost\u0159ed\u00ed a harmonicky zapadaj\u00ed do p\u0159\u00edrodn\u00edho a krajinn\u00e9ho r\u00e1zu konkr\u00e9tn\u00ed lokality. V\u011b\u0159\u00edme, [&hellip;]<\/p>\n","protected":false},"author":1,"featured_media":0,"parent":0,"menu_order":0,"comment_status":"closed","ping_status":"closed","template":"","meta":{"site-sidebar-layout":"no-sidebar","site-content-layout":"page-builder","ast-site-content-layout":"full-width-container","site-content-style":"unboxed","site-sidebar-style":"unboxed","ast-global-header-display":"","ast-banner-title-visibility":"","ast-main-header-display":"","ast-hfb-above-header-display":"","ast-hfb-below-header-display":"","ast-hfb-mobile-header-display":"","site-post-title":"disabled","ast-breadcrumbs-content":"","ast-featured-img":"disabled","footer-sml-layout":"","theme-transparent-header-meta":"enabled","adv-header-id-meta":"","stick-header-meta":"","header-above-stick-meta":"","header-main-stick-meta":"","header-below-stick-meta":"","astra-migrate-meta-layouts":"set","ast-page-background-enabled":"default","ast-page-background-meta":{"desktop":{"background-color":"","background-image":"","background-repeat":"repeat","background-position":"center center","background-size":"auto","background-attachment":"scroll","background-type":"","background-media":"","overlay-type":"","overlay-color":"","overlay-opacity":"","overlay-gradient":""},"tablet":{"background-color":"","background-image":"","background-repeat":"repeat","background-position":"center center","background-size":"auto","background-attachment":"scroll","background-type":"","background-media":"","overlay-type":"","overlay-color":"","overlay-opacity":"","overlay-gradient":""},"mobile":{"background-color":"","background-image":"","background-repeat":"repeat","background-position":"center center","background-size":"auto","background-attachment":"scroll","background-type":"","background-media":"","overlay-type":"","overlay-color":"","overlay-opacity":"","overlay-gradient":""}},"ast-content-background-meta":{"desktop":{"background-color":"var(--ast-global-color-5)","background-image":"","background-repeat":"repeat","background-position":"center center","background-size":"auto","background-attachment":"scroll","background-type":"","background-media":"","overlay-type":"","overlay-color":"","overlay-opacity":"","overlay-gradient":""},"tablet":{"background-color":"var(--ast-global-color-5)","background-image":"","background-repeat":"repeat","background-position":"center center","background-size":"auto","background-attachment":"scroll","background-type":"","background-media":"","overlay-type":"","overlay-color":"","overlay-opacity":"","overlay-gradient":""},"mobile":{"background-color":"var(--ast-global-color-5)","background-image":"","background-repeat":"repeat","background-position":"center center","background-size":"auto","background-attachment":"scroll","background-type":"","background-media":"","overlay-type":"","overlay-color":"","overlay-opacity":"","overlay-gradient":""}},"footnotes":""},"class_list":["post-339","page","type-page","status-publish","hentry"],"_links":{"self":[{"href":"https:\/\/www.z3n.cz\/index.php\/wp-json\/wp\/v2\/pages\/339","targetHints":{"allow":["GET"]}}],"collection":[{"href":"https:\/\/www.z3n.cz\/index.php\/wp-json\/wp\/v2\/pages"}],"about":[{"href":"https:\/\/www.z3n.cz\/index.php\/wp-json\/wp\/v2\/types\/page"}],"author":[{"embeddable":true,"href":"https:\/\/www.z3n.cz\/index.php\/wp-json\/wp\/v2\/users\/1"}],"replies":[{"embeddable":true,"href":"https:\/\/www.z3n.cz\/index.php\/wp-json\/wp\/v2\/comments?post=339"}],"version-history":[{"count":30,"href":"https:\/\/www.z3n.cz\/index.php\/wp-json\/wp\/v2\/pages\/339\/revisions"}],"predecessor-version":[{"id":564,"href":"https:\/\/www.z3n.cz\/index.php\/wp-json\/wp\/v2\/pages\/339\/revisions\/564"}],"wp:attachment":[{"href":"https:\/\/www.z3n.cz\/index.php\/wp-json\/wp\/v2\/media?parent=339"}],"curies":[{"name":"wp","href":"https:\/\/api.w.org\/{rel}","templated":true}]}}